s the units digit of r?
5
Suppose 30 = -2*x + 26. What is the tens digit of 3/1 - (-264 - (-4)/x)?
6
Suppose -20*o = -15*o - 13975. What is the thousands digit of o?
2
Suppose -317 = -4*l + 1403. What is the units digit of l?
0
Let o be (-19)/(-5) - (-3)/15. Let d(q) = -q**2 + 6*q - 3. Let f be d(o). Suppose -80 = -f*x + 5*g, -3*g + 12 = 2*x - 0*g. What is the tens digit of x?
1
Suppose -34 = 4*a + 2. Let m = a + 68. What is the tens digit of m?
5
Suppose r + 102 = -2*h + 5*r, 0 = 2*h - 2*r + 108. Let k = h + 94. What is the tens digit of k?
3
What is the hundreds digit of 1/((-3 + 0)/(-483))?
1
What is the tens digit of (72/(-16) + 1)*-42?
4
What is the tens digit of (8 - 48/8)*1187?
7
Suppose 0 = 2*t + 8*t - 360. What is the tens digit of t?
3
Suppose -27*f = -25*f + 3*x - 517, 0 = 3*f - 3*x - 813. What is the hundreds digit of f?
2
Suppose 0 = 2*z + 5*v - 3713, -3*v = 2*z - 0*v - 3715. What is the units digit of z?
9
Let s(a) = a**2 + 5*a - 14. Let r be s(-7). Suppose r = -m + 2*m - 8. What is the units digit of m/20 + (-266)/(-10)?
7
Suppose -3*u + 6 = 4*q, 0 = 2*q - 2*u + 2 - 12. Suppose 0 = -2*s - p + 27, -p + q = 6. What is the tens digit of s?
1
Let m be 87/4 + 4/16 - 2. Let d(b) = b**2 + 5*b + 4. Let j be d(-5). Suppose 16 + m = j*c. What is the units digit of c?
9
Suppose 3*n = 5*d + 4553, 3*d + 22 = -n + 1563. What is the units digit of n?
6
Let m be 2/((-2)/(-3)) + 0. Let p be ((-3)/m)/((-1)/(-7)). What is the tens digit of (-6)/(-21) - 369/p?
5
Suppose 0 = -n - 1 - 9. What is the tens digit of ((-265)/n)/(-1)*-4?
0
Let p(d) = 3*d + 3. Let v(t) = -t + 13 + 16 - 11. Let a be v(9). What is the tens digit of p(a)?
3
Suppose -10 = 2*l + 12. Let v(u) = u**3 + 10*u**2 - 10*u + 18. Let t be v(l). Suppose -9*x = -t*x - 148. What is the units digit of x?
4
Let u(b) = -b**2 + 14*b + 18. Let d(f) = f**2 - f - 7. Suppose -3*i + 20 = 4*t - 0*i, -5*t - 5*i = -25. Let j be d(t). What is the units digit of u(j)?
1
Let i = 354 + 90. What is the units digit of i?
4
Suppose 6*o - 189 = 1485. What is the tens digit of o?
7
Suppose -194 = -4*w - 2*a, -2*a - 20 = -2*w + 62. What is the units digit of w?
6
Let m be (390/(-9))/((-2)/6). Suppose -3*q + 2*q = -m. Suppose -2*a - 3*k + q = 0, 4*a = 4*k + 293 - 53. What is the units digit of a?
2
Let u be 1/4 - 375/(-20). Suppose 14*v + 385 = u*v. Suppose 2*n = -3*s + v, -n - 5*s + 31 = -11. What is the units digit of n?
7
Let y(z) = -z**2 - 29*z + 8. Let d be y(-18). Suppose u - 3*u + 4*w + d = 0, -448 = -4*u - 4*w. What is the hundreds digit of u?
1
Let u(s) = 3*s + 95 - 16*s - 90. What is the tens digit of u(-8)?
0
Suppose 3*l = 2*q - 2427, 2*q - 7*l - 2433 = -6*l. What is the hundreds digit of q?
2
Let f(r) = -35*r - 84. What is the tens digit of f(-14)?
0
Suppose -5*k + 1361 = -2*k - 5*s, -1830 = -4*k - s. What is the units digit of k?
7
Suppose -3*w - 4*y + 1 = -39, -2*y = -5*w + 58. What is the units digit of w?
2
Let n(h) = h**2 - 6*h + 81. Suppose 0 = -5*g - 2*g. What is the units digit of n(g)?
1
Let r be 3/21 + 5138/49. What is the hundreds digit of -7*(-6)/r*(0 - -380)?
1
Let f = -26 + 20. Let k(t) = 3*t**2 + 8*t. Let l be k(f). Suppose -5*c - 14 = -2*y + 16, -l = -4*y - 2*c. What is the units digit of y?
5
Let b = -690 - -1853. What is the tens digit of b?
6
Let f = -17 - -12. What is the units digit of (f + 2)*(-370)/30?
7
Suppose 64*l = 67*l - 2*q - 768, -4*l = -3*q - 1024. What is the hundreds digit of l?
2
Let r(k) be the first derivative of k**3/3 - 2*k**2 + 4*k + 1. Let w(p) = -3*p - 54. Let i be w(-20). What is the tens digit of r(i)?
1
Let f(b) = b**2 - 10*b - 22. Let q be f(12). Suppose -3*g = -n - 184, -6*g + 2*g = q*n - 232. What is the units digit of g?
0
Let t(u) = -u**3 - 8*u**2 + 28*u + 27. Suppose 3 = j, 6*j - j + 29 = -4*f. What is the units digit of t(f)?
2
What is the tens digit of ((-7)/(-70))/(11/286990)?
0
Suppose -114 = x - 4*x. Let p = 20 + x. Suppose 23 = -5*z + p. What is the units digit of z?
7
Suppose -25*h + 4*x + 5724 = -22*h, -9563 = -5*h - x. What is the thousands digit of h?
1
Let o(a) = a**2 + 6*a - 4. Let z be o(-7). Suppose z*h - 74 = 97. What is the units digit of h?
7
Let t be -4*2*3/(-12). Suppose 3*m + 5 + 9 = t*d, -d = 5*m + 6. Let q(s) = s**3 - 3*s**2 - 1. What is the tens digit of q(d)?
1
Suppose 24309 = 34*r - 25*r. What is the thousands digit of r?
2
Suppose -2*z + 1986 = 3*t - 5*z, 5*z = 3*t - 1996. What is the tens digit of t?
5
Suppose -4876 = -4*w + 4*b, -w + 1235 = -8*b + 3*b. What is the tens digit of w?
1
Suppose f = -5*b + 1446, -4*b - f + 6*f + 1180 = 0. Let l = b - 87. What is the tens digit of l?
0
Suppose 2*z - m = 4*z - 10, 2*z - m - 10 = 0. Suppose -z*c + 11*c - 270 = 0. What is the units digit of c?
5
Let c(i) = 2*i + 304. What is the tens digit of c(0)?
0
Let z be 2/(2/(-5))*5842/115. Let f = z + 440. What is the units digit of f?
6
Let g(b) = -7*b + 4. Let p(d) = 0*d - 4*d + 3*d. Let n be p(3). What is the tens digit of g(n)?
2
Suppose 25768 = -36*t + 109504. What is the tens digit of t?
2
Suppose -2*j + 1 = -j. Suppose 4*g = 5 - j. What is the units digit of -18*g*2/(-4)?
9
Suppose 3*q + 4 = 1. What is the tens digit of 18/(-54)*(-427 - q)?
4
Let f(x) = 13*x**2 + 4*x - 12. What is the tens digit of f(-5)?
9
Suppose 0 = -3*x + 4*l - 6*l - 20, x + 2*l + 4 = 0. Let r = -6 - x. Suppose 5*p + 24 = 3*w - 63, -r*w - 4*p + 36 = 0. What is the tens digit of w?
2
Suppose 4*c + 2*y = 2424, 4*c - 2701 + 271 = y. What is the hundreds digit of c?
6
Suppose 50*b = 45*b - 4*g + 6058, 0 = 2*b - 5*g - 2443. What is the hundreds digit of b?
2
Let k(v) = v**3 + 34*v**2 - 30*v + 103. What is the tens digit of k(-34)?
2
Let o = -54 - -58. Suppose -309 = m - o*m. What is the hundreds digit of m?
1
Let t(z) = 491*z - 364. What is the units digit of t(7)?
3
Let i = 1181 + 462. What is the units digit of i?
3
Suppose -x - x = 124. Let f = 113 + x. Let o = f - 33. What is the tens digit of o?
1
Let m be (-5)/10 - 20/(-8). Suppose 617 = -2*f + 5*f - 5*d, -8 = m*d. What is the tens digit of f?
9
Let z = 6878 + -3419. What is the thousands digit of z?
3
Let q = -21 - -119. Let y = q + 176. Suppose -4*i = 3*n - y, 4*n = -0 + 8. What is the units digit of i?
7
Suppose -87 = 2*u - b - 0*b, b = -3*u - 133. Let f = u - -65. What is the units digit of f?
1
What is the tens digit of (-8)/68 + ((-12807)/17)/(-3)?
5
Suppose -4*j - 16 = 0, -3*x + 5*x = -3*j + 32. What is the tens digit of (-4 + 3)*1 + x?
2
What is the thousands digit of (15/2)/(43/8772)?
1
What is the hundreds digit of 7 + -5 - (-2295)/3?
7
Let z(s) = -s**2 - 10*s + 6. Let b be z(-9). Let g = b + -13. What is the units digit of g?
2
Let d(k) be the first derivative of k**5/60 + k**4/12 + 2*k**3/3 + 3*k**2 - 3. Let t(s) be the second derivative of d(s). What is the units digit of t(-2)?
4
Let s = -5134 + 7431. What is the thousands digit of s?
2
Let t(p) = p**3 - 4*p**2 + 3*p + 1. Let l be t(3). Let r(a) = 1 - 5*a - 14*a**3 + 37*a**3 + 3*a. What is the tens digit of r(l)?
2
Let t = -2905 - -4316. What is the hundreds digit of t?
4
Suppose 4*f - 1776 = 5*q, -f + 4*q - q + 451 = 0. What is the units digit of f?
9
Suppose 0 = -3*u + 8 - 5. Let b be (17 + -20)/(-1*u). Suppose -25 = -4*c - b*t + 30, 5*c - 2*t - 86 = 0. What is the units digit of c?
6
Suppose -13753 - 27835 = -37*b. What is the tens digit of b?
2
Suppose 2*j + 1 = j, 2*i - 4*j - 60 = 0. Let h = i - -9. What is the tens digit of h?
3
Let r(d) = -4*d + 2. Suppose 4*a = -5*w - 25, 29 = -5*a + 2*w - 6*w. Let j be (-10 - (a + 2)) + 0. What is the units digit of r(j)?
0
Let k be -3 - -3*36/(-1) - -2. Let t = 11 - k. What is the units digit of t?
0
Let j = 315 - 283. Let t be 16/1 - (1 - 1). Suppose t = 4*i - j. What is the tens digit of i?
1
Suppose 2 = -a + 7. Suppose 6*d + 25 = 5*c + d, d + a = -5*c. Suppose 0*g + 2*g = -4*r + 86, 5*r - 4*g - 114 = c. What is the tens digit of r?
2
Let r be (-264)/27 - 6/27. Let z = -6 - r. Suppose -3*w + z*n = -94, -w + 4*n = 2 - 28. What is the tens digit of w?
3
Let h(t) = 2*t**2 + 3*t - 5. Let d(x) = -x**2 - 2*x + 3. Let w(q) = -5*d(q) - 2*h(q). Let s(o) = o - 2. Let v be s(-5). What is the units digit of w(v)?
6
Let x be 1220/13 - (-4)/26. Let s = 99 - x. What is the units digit of s?
5
Let h(s) = 3*s**2 + 6*